{"id":1236,"date":"2023-06-27T16:02:06","date_gmt":"2023-06-27T14:02:06","guid":{"rendered":"https:\/\/kosmos-os.de\/?page_id=1236"},"modified":"2026-04-10T11:57:38","modified_gmt":"2026-04-10T09:57:38","slug":"redaktionsteam","status":"publish","type":"page","link":"https:\/\/kosmos-os.de\/en\/redaktionsteam\/","title":{"rendered":"The editorial team"},"content":{"rendered":"<div class=\"wp-block-group has-global-padding is-layout-constrained wp-container-core-group-is-layout-00f579c5 wp-block-group-is-layout-constrained\">\n<figure class=\"wp-block-image alignright is-resized\"><img loading=\"lazy\" decoding=\"async\" width=\"150\" height=\"150\" src=\"https:\/\/kosmos-os.de\/wp-content\/uploads\/2023\/06\/cropped-cropped-Thomas-Grunge-gross-002-e1686940700528.jpg\" alt=\"\" class=\"wp-image-519\" style=\"width:180px;height:180px\"\/><\/figure>\n\n\n\n<h3 class=\"wp-block-heading\" id=\"thomasgrunge\">Thomas Grunge<\/h3>\n<\/div>\n\n\n\n<p><br><\/p>\n\n\n\n<p>Key experiences shape you for life. As an 11-year-old boy in 1976, Thomas watched the sky through the skylight of the house with his father's spotting scope. A bright spot at that time surprisingly turned into a planet with its moons. This first sight of Jupiter left a deep impression on him and sparked Thomas' interest in astronomy.<\/p>\n\n\n\n<p><\/p>\n\n\n\n<p>After graduating from high school, Thomas trained as a foreign trade merchant and then completed a geoscientific degree. Professionally, he works in controlling, software development and further education at a large building materials cooperation near Frankfurt a.M.<\/p>\n\n\n\n<p>Curiosity about the world in which we live accompanies Thomas in his life. <\/p>\n\n\n\n<p>Astronomy as a hobby is very complex. Thomas' interests changed over time from purely visual observation to astrophotography and then to photometry and spectroscopy. On these pages he would like to share his results and experiences with you.<\/p>\n\n\n\n<p><\/p>\n\n\n\n<p>What has remained is the fascination of the little boy looking at the sky through the skylight.<\/p>\n\n\n\n<p><br><\/p>\n\n\n\n<p><br><\/p>\n\n\n\n<div class=\"wp-block-group has-global-padding is-layout-constrained wp-container-core-group-is-layout-00f579c5 wp-block-group-is-layout-constrained\">\n<p><br><\/p>\n\n\n\n<figure class=\"wp-block-image alignright size-full is-resized\"><img loading=\"lazy\" decoding=\"async\" width=\"150\" height=\"150\" src=\"https:\/\/kosmos-os.de\/wp-content\/uploads\/2023\/06\/mein-Portraet-quadrat-150x150pxpx.png\" alt=\"\" class=\"wp-image-579\" style=\"width:180px;height:180px\"\/><\/figure>\n\n\n\n<h3 class=\"wp-block-heading\" id=\"geroldholtkamp\">Dr. Gerold Holtkamp<\/h3>\n<\/div>\n\n\n\n<p><br><\/p>\n\n\n\n<p>Gerold is particularly interested in photometry as a method of obtaining information about stars and their planets, although stars appear to us only as points of light. The so-called exoplanets are his main interest. <\/p>\n\n\n\n<p>It is precisely this evidence that our solar system and our Earth are by no means unique in the universe that fascinates and motivates him to engage with the sky above us. <\/p>\n\n\n\n<p>In addition, the observation of objects, the so-called quasars, is a real challenge for him as an amateur.<\/p>\n\n\n\n<p>He was born in 1954 and consciously witnessed the first moon landing. Perhaps this was the motivation for his physics studies. Although his career path took him away from research to management roles in industry and later academia, his interest in astronomy has never waned over the years.<\/p>\n\n\n\n<p><br><\/p>\n\n\n\n<p><br><\/p>\n\n\n\n<div class=\"wp-block-group has-global-padding is-layout-constrained wp-container-core-group-is-layout-00f579c5 wp-block-group-is-layout-constrained\">\n<p><br><\/p>\n\n\n\n<figure class=\"wp-block-image alignright size-full is-resized\"><img decoding=\"async\" src=\"https:\/\/kosmos-os.de\/wp-content\/uploads\/2023\/07\/Achim.jpg-e1689686826563.png\" alt=\"\" class=\"wp-image-2599\" style=\"width:183px;height:199px\"\/><\/figure>\n\n\n\n<h3 class=\"wp-block-heading\" id=\"achimtegeler\">Dr. Achim Tegeler<\/h3>\n<\/div>\n\n\n\n<p><br><\/p>\n\n\n\n<p>Achim was born in 1965. He has always been enthusiastic about sciences and then as a consequence studied biology and devoted himself for many years to the protein driven control of photosynthesis in plants. His interests are wide-ranging \u2013 in addition to his involvement with astronomy, cosmology and astrophysics, Achim is also active as a watchmaker, goldsmith or in mechanical engineering, he is passionate about cooking and loves classical music, opera and Jazz.<\/p>\n\n\n\n<p>He also works in the team of the <a href=\"https:\/\/www.museum-am-schoelerberg.de\/planetarium\/\" target=\"_blank\" rel=\"noreferrer noopener\">Planetarium Osnabr\u00fcck<\/a> and shows the starry sky and interesting video shows using the 8 meter dome of the planetarium.<\/p>\n\n\n\n<p><\/p>\n\n\n\n<p>Achim is particularly fascinated by the principle of natural science, in which the relationships of the smallest particles can be used to plausibly explain the unimaginably large structures of the universe and its history... a story that is far from complete, let alone fully understood.<\/p>\n\n\n\n<p><br><\/p>\n\n\n\n<p><br><\/p>\n\n\n\n<figure class=\"wp-block-image aligncenter size-full\"><img loading=\"lazy\" decoding=\"async\" width=\"885\" height=\"899\" src=\"https:\/\/kosmos-os.de\/wp-content\/uploads\/2023\/09\/kosmos-team.png\" alt=\"\" class=\"wp-image-3082\" style=\"object-fit:cover\" srcset=\"https:\/\/kosmos-os.de\/wp-content\/uploads\/2023\/09\/kosmos-team.png 885w, https:\/\/kosmos-os.de\/wp-content\/uploads\/2023\/09\/kosmos-team-295x300.png 295w, https:\/\/kosmos-os.de\/wp-content\/uploads\/2023\/09\/kosmos-team-768x780.png 768w, https:\/\/kosmos-os.de\/wp-content\/uploads\/2023\/09\/kosmos-team-12x12.png 12w, https:\/\/kosmos-os.de\/wp-content\/uploads\/2023\/09\/kosmos-team-500x508.png 500w, https:\/\/kosmos-os.de\/wp-content\/uploads\/2023\/09\/kosmos-team-800x813.png 800w\" sizes=\"auto, (max-width: 885px) 100vw, 885px\" \/><\/figure>\n\n\n\n<p><br><\/p>","protected":false},"excerpt":{"rendered":"<p>Thomas Grunge Schl\u00fcsselerlebnisse pr\u00e4gen f\u00fcr&#8217;s Leben. Als 11-j\u00e4hriger Junge beobachtete Thomas im Jahre 1976 mit dem Spektiv seines Vaters den Himmel durch die Dachluke des Hauses. Ein heller Punkt verwandelte sich damals \u00fcberraschenderweise in einen Planeten mit seinen Monden. Dieser erste Anblick des Jupiters hat sich tief eingepr\u00e4gt und das Interesse an der Astronomie geweckt. [&hellip;]<\/p>\n","protected":false},"author":1,"featured_media":0,"parent":0,"menu_order":0,"comment_status":"closed","ping_status":"closed","template":"","meta":{"_eb_attr":"","footnotes":""},"class_list":["post-1236","page","type-page","status-publish","hentry"],"_links":{"self":[{"href":"https:\/\/kosmos-os.de\/en\/wp-json\/wp\/v2\/pages\/1236","targetHints":{"allow":["GET"]}}],"collection":[{"href":"https:\/\/kosmos-os.de\/en\/wp-json\/wp\/v2\/pages"}],"about":[{"href":"https:\/\/kosmos-os.de\/en\/wp-json\/wp\/v2\/types\/page"}],"author":[{"embeddable":true,"href":"https:\/\/kosmos-os.de\/en\/wp-json\/wp\/v2\/users\/1"}],"replies":[{"embeddable":true,"href":"https:\/\/kosmos-os.de\/en\/wp-json\/wp\/v2\/comments?post=1236"}],"version-history":[{"count":10,"href":"https:\/\/kosmos-os.de\/en\/wp-json\/wp\/v2\/pages\/1236\/revisions"}],"predecessor-version":[{"id":7480,"href":"https:\/\/kosmos-os.de\/en\/wp-json\/wp\/v2\/pages\/1236\/revisions\/7480"}],"wp:attachment":[{"href":"https:\/\/kosmos-os.de\/en\/wp-json\/wp\/v2\/media?parent=1236"}],"curies":[{"name":"wp","href":"https:\/\/api.w.org\/{rel}","templated":true}]}}

<div class="wp-block-group has-global-padding is-layout-constrained wp-container-core-group-is-layout-00f579c5 wp-block-group-is-layout-constrained">
<figure class="wp-block-image alignright is-resized"><img loading="lazy" decoding="async" width="150" height="150" src="https://kosmos-os.de/wp-content/uploads/2023/06/cropped-cropped-Thomas-Grunge-gross-002-e1686940700528.jpg" alt="" class="wp-image-519" style="width:180px;height:180px"/></figure>



<h3 class="wp-block-heading" id="thomasgrunge">Thomas Grunge</h3>
</div>



<p><br></p>



<p>Key experiences shape you for life. As an 11-year-old boy in 1976, Thomas watched the sky through the skylight of the house with his father's spotting scope. A bright spot at that time surprisingly turned into a planet with its moons. This first sight of Jupiter left a deep impression on him and sparked Thomas' interest in astronomy.</p>



<p></p>



<p>After graduating from high school, Thomas trained as a foreign trade merchant and then completed a geoscientific degree. Professionally, he works in controlling, software development and further education at a large building materials cooperation near Frankfurt a.M.</p>



<p>Curiosity about the world in which we live accompanies Thomas in his life. </p>



<p>Astronomy as a hobby is very complex. Thomas' interests changed over time from purely visual observation to astrophotography and then to photometry and spectroscopy. On these pages he would like to share his results and experiences with you.</p>



<p></p>



<p>What has remained is the fascination of the little boy looking at the sky through the skylight.</p>



<p><br></p>



<p><br></p>



<div class="wp-block-group has-global-padding is-layout-constrained wp-container-core-group-is-layout-00f579c5 wp-block-group-is-layout-constrained">
<p><br></p>



<figure class="wp-block-image alignright size-full is-resized"><img loading="lazy" decoding="async" width="150" height="150" src="https://kosmos-os.de/wp-content/uploads/2023/06/mein-Portraet-quadrat-150x150pxpx.png" alt="" class="wp-image-579" style="width:180px;height:180px"/></figure>



<h3 class="wp-block-heading" id="geroldholtkamp">Dr. Gerold Holtkamp</h3>
</div>



<p><br></p>



<p>Gerold is particularly interested in photometry as a method of obtaining information about stars and their planets, although stars appear to us only as points of light. The so-called exoplanets are his main interest. </p>



<p>It is precisely this evidence that our solar system and our Earth are by no means unique in the universe that fascinates and motivates him to engage with the sky above us. </p>



<p>In addition, the observation of objects, the so-called quasars, is a real challenge for him as an amateur.</p>



<p>He was born in 1954 and consciously witnessed the first moon landing. Perhaps this was the motivation for his physics studies. Although his career path took him away from research to management roles in industry and later academia, his interest in astronomy has never waned over the years.</p>



<p><br></p>



<p><br></p>



<div class="wp-block-group has-global-padding is-layout-constrained wp-container-core-group-is-layout-00f579c5 wp-block-group-is-layout-constrained">
<p><br></p>



<figure class="wp-block-image alignright size-full is-resized"><img decoding="async" src="https://kosmos-os.de/wp-content/uploads/2023/07/Achim.jpg-e1689686826563.png" alt="" class="wp-image-2599" style="width:183px;height:199px"/></figure>



<h3 class="wp-block-heading" id="achimtegeler">Dr. Achim Tegeler</h3>
</div>



<p><br></p>



<p>Achim was born in 1965. He has always been enthusiastic about sciences and then as a consequence studied biology and devoted himself for many years to the protein driven control of photosynthesis in plants. His interests are wide-ranging – in addition to his involvement with astronomy, cosmology and astrophysics, Achim is also active as a watchmaker, goldsmith or in mechanical engineering, he is passionate about cooking and loves classical music, opera and Jazz.</p>



<p>He also works in the team of the <a href="https://www.museum-am-schoelerberg.de/planetarium/" target="_blank" rel="noreferrer noopener">Planetarium Osnabrück</a> and shows the starry sky and interesting video shows using the 8 meter dome of the planetarium.</p>



<p></p>



<p>Achim is particularly fascinated by the principle of natural science, in which the relationships of the smallest particles can be used to plausibly explain the unimaginably large structures of the universe and its history... a story that is far from complete, let alone fully understood.</p>



<p><br></p>



<p><br></p>



<figure class="wp-block-image aligncenter size-full"><img loading="lazy" decoding="async" width="885" height="899" src="https://kosmos-os.de/wp-content/uploads/2023/09/kosmos-team.png" alt="" class="wp-image-3082" style="object-fit:cover" srcset="https://kosmos-os.de/wp-content/uploads/2023/09/kosmos-team.png 885w, https://kosmos-os.de/wp-content/uploads/2023/09/kosmos-team-295x300.png 295w, https://kosmos-os.de/wp-content/uploads/2023/09/kosmos-team-768x780.png 768w, https://kosmos-os.de/wp-content/uploads/2023/09/kosmos-team-12x12.png 12w, https://kosmos-os.de/wp-content/uploads/2023/09/kosmos-team-500x508.png 500w, https://kosmos-os.de/wp-content/uploads/2023/09/kosmos-team-800x813.png 800w" sizes="auto, (max-width: 885px) 100vw, 885px" /></figure>



<p><br></p>

<p>Thomas Grunge Schlüsselerlebnisse prägen für&#8217;s Leben. Als 11-jähriger Junge beobachtete Thomas im Jahre 1976 mit dem Spektiv seines Vaters den Himmel durch die Dachluke des Hauses. Ein heller Punkt verwandelte sich damals überraschenderweise in einen Planeten mit seinen Monden. Dieser erste Anblick des Jupiters hat sich tief eingeprägt und das Interesse an der Astronomie geweckt. [&hellip;]</p>
